 when 8650 is divided by c(-40).
66
Let f = 6211 + -6021. What is the remainder when f is divided by 110?
80
Suppose 0 = -9*w + 14*w + 3*j - 4877, 3*j + 6835 = 7*w. What is the remainder when w is divided by 264?
184
Calculate the remainder when (-2 - (-72)/34) + (173943/(-187))/(-7) is divided by 107.
26
Let a = -12456 - -14168. Calculate the remainder when a is divided by 96.
80
Suppose -4*m - 20*v + 92 = -24*v, 2*m = -2*v + 30. What is the remainder when 125 is divided by m?
11
Calculate the remainder when (-550)/(-7)*(-1568)/(-80) is divided by 306.
10
Let v = 20194 + -18883. Calculate the remainder when v is divided by 174.
93
Suppose -2*n - 3 = -t - 6, -4*t = 5*n - 27. Suppose -3*h = s - 45, t*s - 55 = 3*h + 44. Calculate the remainder when 138 is divided by s.
30
Suppose -2*a + 29 = 5*z - 60, -3*z + 2*a = -63. Suppose -460857 = -1253*s - 357*s - 98607. What is the remainder when s is divided by z?
16
Suppose -8*s = 91 - 259. Suppose 2*h - 452 = -q, -30 = -3*q - 42. Calculate the remainder when h is divided by s.
18
Suppose -2*m = -2*i + 18, 26*m = -3*i + 23*m + 21. Let f(p) = -2*p + 0*p + 5*p - 23. Calculate the remainder when 2 is divided by f(i).
0
Suppose -26*i + 125 = -i. Suppose 15*c = 14*c + p + 7, -c + 4*p = i. Calculate the remainder when c is divided by ((-6)/10)/(1/(-5)).
2
Suppose -x - 119 = -302. What is the remainder when 637 is divided by x?
88
Let j(m) = -2*m**3 - 18*m**2 - 29*m + 3. Calculate the remainder when j(-11) is divided by 58.
52
Let h be (-4)/(-24) + 7054/12. Suppose -7*p = -35*p + h. Calculate the remainder when 227 is divided by p.
17
Let d(b) = b**2 - 2*b + 3. Let v be d(0). Suppose v*k = 7*l - 4*l + 141, 5*l = -4*k + 161. Calculate the remainder when k is divided by 17.
10
Suppose 8*v - 80 = 3*v. Suppose 0 = 128*l - 20230 + 4102. Calculate the remainder when l is divided by v.
14
Suppose -16*i + 130639 + 58081 = 0. Calculate the remainder when i is divided by 17.
14
Suppose 0 = -2*b - 72 + 68. Suppose -2*i = -0*i - 186. Calculate the remainder when i is divided by ((-19)/b)/(4/8).
17
Suppose 0 = -8*h - 7 + 100 + 275. Calculate the remainder when 6944 is divided by h.
44
Suppose -p + 201 = 2*b, 737*p - 741*p + 2*b = -804. Calculate the remainder when p is divided by -2 + (-2)/1*-35.
65
Suppose 13*v = -2*x + 12*v + 518, 3*v = 2*x - 494. Calculate the remainder when x is divided by 12.
4
Let y(k) = 5*k - 10. Let a be y(10). Let b = a + 34. What is the remainder when (-4)/(-8)*b - -2 is divided by 14?
11
Suppose -28 = -3*w + 149. Let v be (-2)/4*(-2 + 2). Suppose v = 3*k - 69 + 24. Calculate the remainder when w is divided by k.
14
Let s(r) = -r**2 - 27*r - 65. Calculate the remainder when 253 is divided by s(-22).
28
Let l = 5817 - 5800. What is the remainder when 1334 is divided by l?
8
Let g = 4094 + -4077. Calculate the remainder when 66 is divided by g.
15
Let v(y) = y**3 - 55*y**2 - 171*y - 147. Let l(d) = 8*d**3 + d**2 - 1. Let s = 3 + -2. What is the remainder when v(58) is divided by l(s)?
3
Let r(l) be the second derivative of -5*l**3/3 - 7*l**2/2 + 3*l. Calculate the remainder when 88 is divided by r(-2).
10
Let p be ((-2184)/112)/(2/76). Let v = p + 907. What is the remainder when v is divided by 43?
37
Suppose -109 = -19*t + 100. Let v = t + 14. Calculate the remainder when 54 is divided by v.
4
Let f be -37 + -2*(-1)/(-2). Let i = 742 - 701. Let w = i + f. Calculate the remainder when 11 is divided by w.
2
Let l(h) = 4*h**3 + 2*h**2 - 19*h + 45. What is the remainder when l(4) is divided by 39?
23
Let m(l) = l**3 + 8*l**2 - 7*l + 3. Let z be m(-7). Suppose -u + 0*u + z = 4*w, -2*w = 3*u - 63. Let v = 31 - w. Calculate the remainder when v is divided by 2.
1
Suppose 0 = 35*y - 40*y - 20, -3*w + 3*y = -8880. Calculate the remainder when w is divided by 1478.
0
Let y = 14638 - 14575. Calculate the remainder when 120 is divided by y.
57
Let f(k) = -5*k**3 + 21*k**2 + 92*k - 25. What is the remainder when f(-7) is divided by 16?
11
Suppose 257771 - 258653 = -42*h. Let s(j) = -17*j + 2. What is the remainder when s(-2) is divided by h?
15
Let h(k) = 4*k**2 + 7*k + 25. Suppose -17*v = 7*v - 13416. What is the remainder when v is divided by h(-3)?
39
Suppose 133*n = 45866 + 46436. Calculate the remainder when n is divided by 10.
4
Suppose 0 = -57*c + 55*c - 6, 0 = -5*x + 2*c + 536. Calculate the remainder when 222 is divided by x.
10
Let g = -6491 - -6733. Calculate the remainder when 1707 is divided by g.
13
What is the remainder when -27 + 5 + 30 - (-325 - 0) is divided by 215?
118
Let m be ((-4)/(-6))/((-62)/(-63) + -1). Calculate the remainder when 111 is divided by 11 + 1 - m/21.
13
Let b(k) = 3*k**3 - 4*k**3 + 16*k**2 - 1 - 7*k**2 - 10*k. Let c(g) = g**2 + 13*g + 1. Calculate the remainder when b(7) is divided by c(-14).
12
Suppose 2*i + 3*w + 9 = 49, -4*i + 4*w + 120 = 0. Suppose 211 = 3*j - 254. What is the remainder when j is divided by i?
25
Let b = 8644 - 7453. What is the remainder when b is divided by 592?
7
Suppose -4*k + 2*t = -t - 48, 5*k - 2*t = 67. Let h = 506 - -715. Suppose 1223*s = h*s + 206. What is the remainder when s is divided by k?
13
Let a(w) = 744*w - 5556. Calculate the remainder when a(8) is divided by 6.
0
Let m = -32 - -20. What is the remainder when (32 - 0) + m/(-4) is divided by 12 - 1*(12 + -9)?
8
Let x(f) = -341*f + 2267. What is the remainder when x(6) is divided by 119?
102
Suppose 5*i - 6333 = 4*p, -5*p = -10*p + 15. What is the remainder when i is divided by 183?
171
Let k(x) = -24*x**2 - x + 1. Let o be k(-2). What is the remainder when (2/(-3))/((-16)/552) is divided by (-10)/35 + o/(-7)?
10
Suppose -n = -5*m + 65, -m - n + 26 = 7. Suppose 21*o = m*o + 28. Calculate the remainder when o is divided by 4.
0
What is the remainder when 2661 is divided by 2/(-1) - -3*(-380)/(-15)?
71
Suppose -15*t + 24 = 5*z - 11*t, 2*t = 2. Suppose 0 = q - h - 82, -z*q + 116 = 2*h - 212. Calculate the remainder when 324 is divided by q.
78
Suppose 67*y - 1463 = 73*y - 139*y. What is the remainder when (26 - 2)*18*3/6 is divided by y?
7
Let k(j) = 362*j + 208. What is the remainder when k(7) is divided by 12?
6
Suppose -3405 = 16*l - 17*l. Suppose l = 17*b + 1008. What is the remainder when b is divided by 29?
25
Let o(c) = -3*c**3 + 3*c**2 + 4*c**3 + 3 - 2 + 14*c - 15*c**2. What is the remainder when o(11) is divided by 18?
16
Suppose p - 10 = 4*b - 2*b, -4*b + 3*p = 16. Let l(j) = j**3 + 10*j**2 + 20*j + 9. Calculate the remainder when 77 is divided by l(b).
13
Suppose d = 55 - 18. Suppose -7*j + d + 131 = 0. Suppose -19*p - j = -20*p. Calculate the remainder when p is divided by 9.
6
Let f = -4198 + 4408. Calculate the remainder when f is divided by 141.
69
Let v(f) = -24*f - 3. Let h(p) = 9*p - 59. Let c be h(8). Suppose 16*z - c*z = 126. Calculate the remainder when v(-7) is divided by z.
39
Calculate the remainder when 799 is divided by (-84)/(-20)*5*(-10)/(-30) + 211.
145
Let m(o) = 2*o**2 + 18*o - 162. What is the remainder when m(-22) is divided by 46?
42
Suppose -3*h = -2*h + 5*v - 74, -54 = -h + 5*v. Suppose -31*d + 1318 = -2495. What is the remainder when d is divided by h?
59
Suppose -2095 = -19*s + 3404 - 1585. What is the remainder when s is divided by 204?
2
Calculate the remainder when 186 is divided by 40*14/420*(-1 - (-55)/4).
16
Let v(k) = k**3 - 4*k**2 + k - 4. Let t = 87 - 87. Let l be (-4 + 6 + t + -3)*-5. Calculate the remainder when v(l) is divided by 10.
6
Let g(x) = 5*x**3 + 3*x - 1. Let f(z) = -z**3 + 49*z**2 - 214*z + 3. Calculate the remainder when f(6) is divided by g(2).
42
Suppose -18 = y - 3*w, 0 = -4*y - 2*w - 25 - 33. Let j = 36 - y. Suppose -u - 408 = -2*r, -4*u + 2*u + 598 = 3*r. What is the remainder when r is divided by j?
49
Let t(g) = -2*g**2 + 85*g + 91. Let m(u) = -30*u + 5. What is the remainder when m(-11) is divided by t(43)?
47
Suppose -10 + 26 = 2*p. Suppose -k = k - p. Suppose -3*b = -k*o + 97 + 402, 5*b + 5 = 0. What is the remainder when o is divided by 25?
24
Let k = -39 + 106. Let s(q) = -85*q - 6267. Calculate the remainder when k is divided by s(-74).
21
Suppose -37*o + 3244 = -1344. Calculate the remainder when 576 is divided by o.
80
Let o be 1 - 4 - (-4 - -5)*-5. Suppose -4*m - o*f = -8*m + 52, 10 = m + f. Calculate the 